 -45. Let h = r + -5. What is the units digit of h?
8
Suppose n = 5*f - 3466, -3*n - n + 16 = 0. What is the units digit of f?
4
Let d(s) = -s**2 - 4*s + 14. Let g be d(-6). Suppose -5*z + 0*b - g*b = -484, -6 = -3*b. Suppose 0*f + 4*f = z. What is the tens digit of f?
2
Let z = 0 + 8. Suppose d = -3*d + z. Suppose -3*r + 5*r = d*g + 24, 3*r + 5*g - 76 = 0. What is the tens digit of r?
1
Let r(w) = w**3 - 3*w + 2. Let g be r(0). Suppose -5*m - 481 = -2*o, 0 = 2*o - o + g*m - 254. What is the hundreds digit of o?
2
Let y(h) = -26*h**2 - 3*h**3 + 2*h**3 - 9*h + 18*h**2 - 10. Let p be y(-7). Suppose -w = -n - 11, 14 = p*w + 4*n - 14. What is the units digit of w?
9
Suppose -5*u = 4*w - 21, -2*u + 6*u - 8 = -w. Suppose -2*h - w*h = 282. Let q = h + 75. What is the units digit of q?
8
Suppose 17*q - 5140 = 96. What is the hundreds digit of q?
3
Let h(s) = 75*s**2 - 7*s + 17. What is the tens digit of h(4)?
8
Suppose 4*o = -5*q + 30, 2*q - 10 - 9 = -3*o. Suppose 0*r - 2*r + 8 = 0, 5*d + 5 = o*r. Suppose -d*h + h + 32 = 0. What is the units digit of h?
6
Let p(a) = 2*a + 22. Let m be p(-8). Let h(b) be the first derivative of 7*b**2/2 + 20*b + 1. What is the units digit of h(m)?
2
Let v(p) = 2*p**3 - 6*p**2 + 14*p - 2. Let m be v(6). Suppose -i + 6*i - 2*r - m = 0, -r = 5*i - 286. What is the tens digit of i?
5
Suppose 17*r + 2551 - 8688 = 0. What is the units digit of r?
1
Let f(h) = -h**3 - 9*h**2 - h - 3. Let g be f(-9). Let a(t) = t**2 + 4*t + 6. What is the units digit of a(g)?
6
Let d = 6954 + -1631. What is the thousands digit of d?
5
Let v(g) = 2*g**2 - 2*g - 2. Let c(k) = -k**2 - 7*k + 21. Let r be c(-9). Let i be v(r). Let a = i + 11. What is the tens digit of a?
2
Let l(g) = 17*g - 32. Let h(o) = 16*o - 32. Let a(j) = 4*h(j) - 3*l(j). What is the tens digit of a(16)?
7
Let p(q) = q**2 + 5*q + 2. Let z be p(-3). Let m be (0/z - 2) + 6. What is the units digit of (-8)/3*(-9)/m?
6
Let p = -2301 - -4358. What is the thousands digit of p?
2
Let t(n) = -10*n**3 + 4*n**2 - 11*n + 5. Let q(p) = -p**3 - p. Let z(l) = 4*q(l) - t(l). What is the tens digit of z(2)?
4
Let x(c) = -c**2 + 12*c - 18. Let w(q) = -q + 1. Let p(h) = 3*w(h) + x(h). What is the units digit of p(4)?
5
Let w = 2316 - -75. What is the units digit of w?
1
Suppose -13*a = -0*a - 78. Suppose a*u - 286 - 848 = 0. What is the units digit of u?
9
Suppose -15*l - 27*l = -139692. What is the units digit of l?
6
Let w(n) = -21*n. Let b(r) = -r**3 - 5*r**2 - 7*r - 8. Let h be b(-3). What is the units digit of w(h)?
5
Suppose -2*a = -0*a - 10. Let o = -680 - -736. Suppose c - a*j = -8 + 82, c + 4*j - o = 0. What is the tens digit of c?
6
Let c(i) = -i**3 + 18*i**2 - 16*i + 29. What is the tens digit of c(14)?
8
Suppose 0 = -17*l + 3267 + 5284. What is the hundreds digit of l?
5
Let o = -263 - -269. Let v(f) be the first derivative of f**2/2 - 5*f + 1. What is the units digit of v(o)?
1
Let k(j) = -4*j - 7. Let h be k(-3). Suppose 5 = 2*g - h. Suppose 3*d - 13 = -m, -4*d = -g*m - 3 - 27. What is the units digit of d?
5
What is the units digit of 78/663 - (-151)/17?
9
Let a(g) = 18*g - 7. Let q(s) be the third derivative of -9*s**4/8 + 5*s**3/3 + 7*s**2. Let u(z) = 7*a(z) + 5*q(z). What is the units digit of u(-4)?
7
Suppose -4*r = 4*j - 12, 4*j + r = 8 + 1. Suppose -3*h = 3*a - 2*a - 27, -118 = -4*a - j*h. What is the units digit of (-6)/((-39)/a - -1)?
0
Let f(r) be the second derivative of 38*r**4/3 + 2*r**3/3 - 3*r**2/2 + 29*r. What is the hundreds digit of f(1)?
1
Let k = -24 + 13. Let w = k + 17. What is the units digit of w?
6
Let b = 760 + -68. What is the units digit of b?
2
Let r(i) = i**3 + i**2 + 1. Let a(f) = -3*f**3 + 11*f**2 + 27*f + 14. Let z(j) = a(j) + 4*r(j). What is the tens digit of z(-11)?
0
Suppose -4*d - 2*l = -21098, 105*d + 4*l + 15851 = 108*d. What is the thousands digit of d?
5
Suppose 3*h - 2036 = -h - 4*k, k = -5. Suppose -5*w = -h - 506. What is the hundreds digit of w?
2
Let p be 4/(-6)*(-450)/12. Suppose o + o + 93 = a, 5*o + p = 0. What is the units digit of a?
3
What is the units digit of 403 + 10/(-8)*4?
8
Suppose -4*u = u + 15, 2*s - 4*u = 36. Suppose 0 = 3*d - 4*f - 33, 4*d + 14 = f + 45. Let j = d + s. What is the units digit of j?
9
Suppose n = -n - 870. Let o = -309 - n. What is the hundreds digit of o?
1
Let i = 103 + -61. Let u be ((-312)/18)/(4/i). What is the tens digit of (-6)/18 + u/(-6)?
3
Let n = -41 + 45. What is the tens digit of (80 - (1 + -1)) + n?
8
Suppose 0 = -4*l + l + 6. Suppose 0 = -j - l*j + 6. Let x(k) = 2*k**3 - 4*k**2 + 3*k. What is the units digit of x(j)?
6
Suppose 4 = -3*q + 4*q. Let s(g) = 4*g**3 - g**2 + g + 3. Let v be s(3). Suppose v = q*t + t. What is the tens digit of t?
2
Suppose 4*p = -x - 0*x + 6, 4 = 3*p + x. Suppose -q - 5*i - 30 = 3*q, -5*q - 21 = -p*i. Let a(t) = t**2 + 4*t + 7. What is the units digit of a(q)?
2
Let d(v) be the third derivative of 0 + 0*v - 1/60*v**5 - 1/2*v**3 - 1/3*v**4 - 2*v**2. What is the units digit of d(-5)?
2
Let u be 14/(-4)*(0 - 2). Let m = u - 4. Suppose -l = m*l - 20. What is the units digit of l?
5
Suppose d + 2*d + 4*p - 6 = 0, -5*d = -p - 33. Suppose -4*k + 6 = -d. What is the units digit of 0 + (3 - (k - 34))?
4
Suppose 5*q - 4*r + 7*r = 466, -q + 84 = -4*r. Let t be q/20 - (-6)/(-10). Let x(j) = 3*j + 5. What is the tens digit of x(t)?
1
Let z(o) = 4*o - 1. Let a(n) = -n. Let r(g) = 5*a(g) + z(g). Let k be r(-2). Let b = k + 34. What is the tens digit of b?
3
Let s(u) = u + 1. Let n be s(0). Suppose -2*z + n - 25 = 0. Let v(o) = o**3 + 11*o**2 - 18*o - 15. What is the units digit of v(z)?
7
Let o(c) be the second derivative of -2*c**3/3 + 3*c**2 - 13*c. What is the units digit of o(-12)?
4
Let n = 2405 + 355. What is the thousands digit of n?
2
Let s = 199 + 680. What is the tens digit of s?
7
Let y be ((-4)/6)/(4/(-360)). Suppose 2*i = -2*i + y. Suppose -5 = -l + i. What is the tens digit of l?
2
Let g(w) = w**3 - 12*w**2 + 13*w - 6. Suppose 4*v + m - 8 = 9, 4*v = -3*m + 27. Suppose -v*h + 55 = 2*h. What is the units digit of g(h)?
6
Let a(x) = x**2 - 2*x**2 - 16 + 3*x**3 + 17. Let v = -7 + 9. What is the units digit of a(v)?
1
Let b(q) = 80*q + 2. Let n be b(1). Suppose -g = -n - 5. What is the tens digit of g?
8
Suppose -2067 + 93 = -2*k - h, -2*h - 1962 = -2*k. What is the tens digit of k?
8
Let h(s) = -11*s + 33. Let p be h(6). Let n = 41 + p. What is the units digit of n?
8
Suppose 2*h = h + 50. Suppose u + 4*u = h. Suppose 2*w - u = -2*r, 6*r - 17 = -3*w + r. What is the units digit of w?
4
Let u(t) = 4*t**2 + 3*t + 1. Let i be u(-2). Suppose -4*q - f = 49, -i = q - 2*f + f. What is the units digit of (q/(-10))/(6/15)?
3
What is the tens digit of (50 - (4 + -4 + -1))*11?
6
Let v be (3 - -3) + -1 + -2. Suppose 4*o - 8 = 0, -d - o = -v*o - 151. What is the tens digit of d?
5
Suppose 2*s = 4*x + 148, 3*s - 3*x = 2*x + 227. Let m = -42 + -1. Let y = s + m. What is the units digit of y?
1
Suppose 5*y - 22 = 4*j, 3*j - 6*j - 3*y - 30 = 0. Let n be (6/j)/(4/(-32)). Suppose z - n = -z. What is the units digit of z?
3
Let g be ((-9)/(-6))/(15/40). Let k be 30/(-12)*g/(-5). Suppose -4*w + 196 = 4*p, -k*p + 241 = 5*w + p. What is the units digit of w?
7
Let r be (-10)/(-6)*(9 - 6). Suppose r*f = 7*f - 294. What is the tens digit of f?
4
Let r = 503 + 82. What is the tens digit of r?
8
Suppose 6*x - x = -2*s + 129, 120 = 5*x + 5*s. Let r = x + 131. What is the units digit of r?
8
Let a = -100 - -127. What is the units digit of a?
7
Let b be -4 + (3 - -36)*(-8)/6. What is the hundreds digit of (-8050)/b - 6/8?
1
Let p(s) = 3 + 0 + 20*s**2 + 4*s - 2 + 10*s**2. What is the units digit of p(-2)?
3
Let n be (1 - -2)*4/6. Suppose n*w - 216 - 16 = 0. What is the units digit of w?
6
Suppose 0 = -h - 5*v + 337, h + 5*v - 1273 = -3*h. What is the tens digit of h?
1
Suppose 523*f - 519*f - 3824 = 0. What is the units digit of f?
6
Let h(u) = 2*u**3 - 6*u**2 + 6*u - 9. Let p be h(5). Suppose t = 2*c - 230, -4*t - p = -3*c + 234. What is the units digit of c?
3
What is the units digit of (-5390)/231*(-126)/4?
5
Suppose -2*a = 3*h - 7*h - 5986, -3*a + 2*h = -8963. What is the thousands digit of a?
2
Let v(x) = 105*x**2 + 26*x - 56. What is the units digit of v(6)?
0
Let w(r) = r**3 - 13*r**2 +